{"version":"1.0","provider_name":"Freiwillige Feuerwehr Gratkorn - Markt","provider_url":"https:\/\/www.feuerwehr-gratkorn.at\/home","author_name":"Armin Gaar","author_url":"https:\/\/www.feuerwehr-gratkorn.at\/home\/author\/a-gaar\/","title":"B09 Heckenbrand | Am Hartboden - Freiwillige Feuerwehr Gratkorn - Markt","type":"rich","width":600,"height":338,"html":"<blockquote class=\"wp-embedded-content\" data-secret=\"pmxpCEGX9O\"><a href=\"https:\/\/www.feuerwehr-gratkorn.at\/home\/einsaetze-2024\/12551\/\">B09 Heckenbrand | Am Hartboden<\/a><\/blockquote><iframe sandbox=\"allow-scripts\" security=\"restricted\" src=\"https:\/\/www.feuerwehr-gratkorn.at\/home\/einsaetze-2024\/12551\/embed\/#?secret=pmxpCEGX9O\" width=\"600\" height=\"338\" title=\"&#8222;B09 Heckenbrand | Am Hartboden&#8220; &#8211; Freiwillige Feuerwehr Gratkorn - Markt\" data-secret=\"pmxpCEGX9O\" frameborder=\"0\" marginwidth=\"0\" marginheight=\"0\" scrolling=\"no\" class=\"wp-embedded-content\"><\/iframe><script type=\"text\/javascript\">\n\/* <![CDATA[ *\/\n\/*! This file is auto-generated *\/\n!function(d,l){\"use strict\";l.querySelector&&d.addEventListener&&\"undefined\"!=typeof URL&&(d.wp=d.wp||{},d.wp.receiveEmbedMessage||(d.wp.receiveEmbedMessage=function(e){var t=e.data;if((t||t.secret||t.message||t.value)&&!\/[^a-zA-Z0-9]\/.test(t.secret)){for(var s,r,n,a=l.querySelectorAll('iframe[data-secret=\"'+t.secret+'\"]'),o=l.querySelectorAll('blockquote[data-secret=\"'+t.secret+'\"]'),c=new RegExp(\"^https?:$\",\"i\"),i=0;i<o.length;i++)o[i].style.display=\"none\";for(i=0;i<a.length;i++)s=a[i],e.source===s.contentWindow&&(s.removeAttribute(\"style\"),\"height\"===t.message?(1e3<(r=parseInt(t.value,10))?r=1e3:~~r<200&&(r=200),s.height=r):\"link\"===t.message&&(r=new URL(s.getAttribute(\"src\")),n=new URL(t.value),c.test(n.protocol))&&n.host===r.host&&l.activeElement===s&&(d.top.location.href=t.value))}},d.addEventListener(\"message\",d.wp.receiveEmbedMessage,!1),l.addEventListener(\"DOMContentLoaded\",function(){for(var e,t,s=l.querySelectorAll(\"iframe.wp-embedded-content\"),r=0;r<s.length;r++)(t=(e=s[r]).getAttribute(\"data-secret\"))||(t=Math.random().toString(36).substring(2,12),e.src+=\"#?secret=\"+t,e.setAttribute(\"data-secret\",t)),e.contentWindow.postMessage({message:\"ready\",secret:t},\"*\")},!1)))}(window,document);\n\/\/# sourceURL=https:\/\/www.feuerwehr-gratkorn.at\/home\/wp-includes\/js\/wp-embed.min.js\n\/* ]]> *\/\n<\/script>\n","thumbnail_url":"https:\/\/www.feuerwehr-gratkorn.at\/home\/wp-content\/uploads\/2024\/12\/747ba4cf-ac34-4989-b645-d6b74f94d7b5-scaled.jpeg","thumbnail_width":2560,"thumbnail_height":1920,"description":"Datum: \u00a0 31.12.2024 Einsatzzeit: \u00a0 18:12 &#8211; 19:30 Eingesetzte Fahrzeuge: MTF TLF-A 3000\/200 KRF-S Tunnel HLF 3 BLF-C Weitere Einheiten: Polizei Die Freiwillige Feuerwehr Gratkorn-Mark wurde mittels Sirenenalarm zu einem Heckenbrand Am Hartboden alarmiert. Beim Eintreffen brannte die Hecke auf einer L\u00e4nge von ca. 11m, erste L\u00f6schversuche wurden bereits durch die Bewohner durchgef\u00fchrt. Die Brandbek\u00e4mpfung [&hellip;]"}

Datum:   31.12.2024 Einsatzzeit:   18:12 &#8211; 19:30 Eingesetzte Fahrzeuge: MTF TLF-A 3000/200 KRF-S Tunnel HLF 3 BLF-C Weitere Einheiten: Polizei Die Freiwillige Feuerwehr Gratkorn-Mark wurde mittels Sirenenalarm zu einem Heckenbrand Am Hartboden alarmiert. Beim Eintreffen brannte die Hecke auf einer Länge von ca. 11m, erste Löschversuche wurden bereits durch die Bewohner durchgeführt. Die Brandbekämpfung [&hellip;]
